vided by 8.
5
What is the remainder when 2703 is divided by 71?
5
Calculate the remainder when 389 is divided by 190.
9
Calculate the remainder when 329 is divided by 66.
65
What is the remainder when 851 is divided by 41?
31
What is the remainder when 2296 is divided by 36?
28
What is the remainder when 1909 is divided by 218?
165
What is the remainder when 784 is divided by 10?
4
What is the remainder when 54 is divided by 37?
17
What is the remainder when 933 is divided by 14?
9
Calculate the remainder when 166 is divided by 13.
10
What is the remainder when 48 is divided by 44?
4
Calculate the remainder when 23 is divided by 20.
3
What is the remainder when 780 is divided by 71?
70
What is the remainder when 79 is divided by 20?
19
What is the remainder when 290 is divided by 81?
47
What is the remainder when 2331 is divided by 20?
11
Calculate the remainder when 3457 is divided by 45.
37
Calculate the remainder when 1011 is divided by 127.
122
What is the remainder when 64 is divided by 26?
12
What is the remainder when 26 is divided by 26?
0
Calculate the remainder when 28 is divided by 10.
8
Calculate the remainder when 83 is divided by 45.
38
Calculate the remainder when 115 is divided by 15.
10
Calculate the remainder when 114568 is divided by 402.
400
Calculate the remainder when 593 is divided by 503.
90
Calculate the remainder when 3214 is divided by 52.
42
Calculate the remainder when 48 is divided by 4.
0
Calculate the remainder when 5258 is divided by 20.
18
Calculate the remainder when 40 is divided by 14.
12
Calculate the remainder when 339 is divided by 38.
35
Calculate the remainder when 71 is divided by 35.
1
Calculate the remainder when 12836 is divided by 98.
96
Calculate the remainder when 51 is divided by 42.
9
What is the remainder when 33811 is divided by 29?
26
Calculate the remainder when 439 is divided by 9.
7
What is the remainder when 35 is divided by 14?
7
Calculate the remainder when 372 is divided by 184.
4
Calculate the remainder when 1607 is divided by 469.
200
Calculate the remainder when 12349 is divided by 69.
67
What is the remainder when 2821 is divided by 48?
37
Calculate the remainder when 262 is divided by 18.
10
Calculate the remainder when 2234 is divided by 172.
170
What is the remainder when 333 is divided by 41?
5
Calculate the remainder when 2925 is divided by 415.
20
Calculate the remainder when 679 is divided by 75.
4
Calculate the remainder when 4884 is divided by 1218.
12
What is the remainder when 411 is divided by 61?
45
What is the remainder when 3414 is divided by 67?
64
What is the remainder when 5281 is divided by 55?
1
Calculate the remainder when 286 is divided by 2.
0
Calculate the remainder when 380 is divided by 7.
2
What is the remainder when 479 is divided by 8?
7
What is the remainder when 19 is divided by 12?
7
What is the remainder when 33 is divided by 12?
9
Calculate the remainder when 486 is divided by 123.
117
What is the remainder when 63 is divided by 22?
19
What is the remainder when 3889 is divided by 28?
25
What is the remainder when 11998 is divided by 48?
46
Calculate the remainder when 229 is divided by 10.
9
What is the remainder when 81 is divided by 17?
13
What is the remainder when 1016 is divided by 50?
16
What is the remainder when 814 is divided by 13?
8
Calculate the remainder when 385 is divided by 53.
14
What is the remainder when 6422 is divided by 88?
86
What is the remainder when 457 is divided by 115?
112
What is the remainder when 734 is divided by 733?
1
What is the remainder when 384 is divided by 248?
136
Calculate the remainder when 9 is divided by 4.
1
What is the remainder when 661 is divided by 39?
37
Calculate the remainder when 706 is divided by 395.
311
Calculate the remainder when 233 is divided by 31.
16
Calculate the remainder when 202 is divided by 30.
22
Calculate the remainder when 699 is divided by 18.
15
Calculate the remainder when 1407 is divided by 21.
0
Calculate the remainder when 594 is divided by 209.
176
What is the remainder when 2435 is divided by 106?
103
Calculate the remainder when 821 is divided by 46.
39
What is the remainder when 136 is divided by 47?
42
Calculate the remainder when 42 is divided by 7.
0
What is the remainder when 1780 is divided by 154?
86
Calculate the remainder when 970 is divided by 196.
186
What is the remainder when 596 is divided by 42?
8
Calculate the remainder when 411 is divided by 7.
5
Calculate the remainder when 95 is divided by 7.
4
What is the remainder when 342 is divided by 69?
66
Calculate the remainder when 46 is divided by 14.
4
Calculate the remainder when 4280 is divided by 36.
32
What is the remainder when 81 is divided by 26?
3
What is the remainder when 8271 is divided by 47?
46
Calculate the remainder when 1187 is divided by 35.
32
What is the remainder when 23 is divided by 6?
5
Calculate the remainder when 4911 is divided by 2449.
13
Calculate the remainder when 77 is divided by 22.
11
What is the remainder when 1031 is divided by 47?
44
What is the remainder when 1034 is divided by 120?
74
Calculate the remainder when 352 is divided by 85.
12
What is the remainder when 212 is divided by 37?
27
What is the remainder when 191 is divided by 16?
15
Calculate the remainder when 2486 is divided by 206.
14
What is the remainder when 2181 is divided by 727?
0
Calculate the remainder when 1721 is divided by 573.
2
Calculate the remainder when 197 is divided by 42.
29
Calculate the remainder when 847 is divided by 79.
57
Calculate the remainder when 1160 is divided by 194.
190
Calculate the remainder when 268 is divided by 30.
28
What is the remainder when 2127 is divided by 351?
21
What is the remainder when 101 is divided by 28?
17
Calculate the remainder when 456 is divided by 113.
4
Calculate the remainder when 1001 is divided by 111.
2
Calculate the remainder when 1143 is divided by 44.
43
Calculate the remainder when 342 is divided by 85.
2
Calculate the remainder when 174 is divided by 39.
18
What is the remainder when 322 is divided by 13?
10
What is the remainder when 18247 is divided by 11?
9
What is the remainder when 164 is divided by 157?
7
Calculate the remainder when 673 is divided by 650.
23
Calculate the remainder when 184 is divided by 63.
58
What is the remainder when 139 is divided by 20?
19
Calculate the remainder when 1856 is divided by 171.
146
Calculate the remainder when 56 is divided by 16.
8
Calculate the remainder when 212 is divided by 19.
3
What is the remainder when 21 is divided by 14?
7
Calculate the remainder when 308 is divided by 85.
53
Calculate the remainder when 952 is divided by 315.
7
Calculate the remainder when 2443 is divided by 1215.
13
What is the remainder when 1709 is divided by 19?
18
What is the remainder when 1288 is divided by 482?
324
Calculate the remainder when 2616 is divided by 97.
94
What is the remainder when 549 is divided by 46?
43
What is the remainder when 147 is divided by 14?
7
Calculate the remainder when 237 is divided by 20.
17
Calculate the remainder when 1055 is divided by 48.
47
What is the remainder when 1118 is divided by 183?
20
What is the remainder when 178 is divided by 49?
31
What is the remainder when 313 is divided by 21?
19
What is the remainder when 519 is divided by 103?
4
Calculate the remainder when 110 is divided by 27.
2
What is the remainder when 397 is divided by 79?
2
Calculate the remainder when 1529 is divided by 59.
54
Calculate the remainder when 279 is divided by 7.
6
What is the remainder when 572 is divided by 72?
68
Calculate the remainder when 180 is divided by 47.
39
What is the remainder when 5485 is divided by 782?
11
What is the remainder when 40 is divided by 13?
1
Calculate the remainder when 1175 is divided by 118.
113
What is the remainder when 46 is divided by 13?
7
Calculate the remainder when 3641 is divided by 27.
23
What is the remainder when 1184 is divided by 9?
5
Calculate the remainder when 57 is divided by 13.
5
Calculate the remainder when 4695 is divided by 54.
51
What is the remainder when 1187 is divided by 395?
2
Calculate the remainder when 6745 is divided by 50.
45
Calculate the remainder when 215 is divided by 18.
17
What is the remainder when 108 is d